greatest common factor of d and 2314?
26
Let v(q) = 3*q + 231. Let t(c) = 6*c + 462. Let a(u) = -6*t(u) + 13*v(u). Let y be a(0). Let n = -12 + 33. What is the greatest common divisor of n and y?
21
Let r = 81 - 23. Suppose 7*x - r = 61. Calculate the greatest common factor of 102 and x.
17
Let x(n) = -n**3 + 31*n + 65. Let d be x(-6). Let m(r) = r + 5. Let w be m(3). Let j = w - -11. Calculate the highest common divisor of j and d.
19
Let p be 6/33 - 112/11. Let y(k) = -42*k + 140. Let n be y(p). Calculate the greatest common divisor of 14 and n.
14
Let t be (((-15)/10)/(-1) - 1)*-2. Let f be 2*12 + (9 + t - 5). Let o = -261 + 504. What is the highest common factor of f and o?
27
Let s(j) = j**3 + 3*j**2 - 5*j + 18. Let a be s(0). Calculate the highest common divisor of 474 and a.
6
Let w be (-623)/(-2) - (-2)/4. Let k = w + -288. Calculate the greatest common factor of k and 30.
6
Let m(y) = 22*y**2 + 2*y + 9. Let j be m(-4). Suppose 5*c = f + 821, -3*c + j = -4*f - 143. What is the highest common factor of c and 41?
41
Let n(b) = -b**3 + 7*b**2 + 8*b + 18. Let d be n(8). Suppose -22*z + d = y - 20*z, -y + z = -9. Calculate the greatest common divisor of y and 246.
6
Let s be -39 + 73 - 1/((-3)/6). What is the highest common divisor of 27 and s?
9
Let o(w) = -2*w - 10. Let s be o(-2). Let m be 90*5/(-75)*s. Suppose -9*t = -7*t - m. What is the greatest common divisor of 36 and t?
18
Suppose -3*l + 5*r = -451, 558 = 7*l - 3*l + 2*r. Let s = -42 + l. Calculate the greatest common divisor of s and 10.
10
Let x = 45 - 33. Let i = -5485 + 5569. What is the greatest common factor of x and i?
12
Suppose 0 = -h - 3*v + 266, -3*v = -3*h + 1045 - 319. Let a be -5 - -2 - 0 - -34. What is the highest common divisor of a and h?
31
Suppose -a - 172 = -2*w - 2*a, -72 = -w + 3*a. Suppose 2581 - 187 = 19*q. Suppose 0 = -453*z + 447*z + q. Calculate the greatest common factor of w and z.
21
Suppose 2*p + 3*p - 63 = 3*l, 0 = 3*p + 2*l - 53. Suppose 0 = -12*n + 921 + p. Calculate the greatest common divisor of 52 and n.
26
Suppose 2*f - 5*f - 30 = -3*a, 5*a = 3*f + 40. Suppose -3*p = 2*t - 5*t + 606, 994 = a*t + 3*p. What is the greatest common factor of 40 and t?
40
Let g be 524/917 - (-104)/14. Let o(j) = j**3 + 13*j**2 - j - 2. Let f be o(-6). Calculate the highest common divisor of g and f.
8
Let b(r) = -r**2 - 625*r + 548. Let m be b(0). Calculate the highest common factor of 5343 and m.
137
Let a(u) = 17*u**2 - 42*u + 120. Let k be a(12). What is the greatest common divisor of k and 288?
48
Let d(j) = 481*j**2 + 58*j + 120. Let a be d(-2). What is the highest common factor of 8 and a?
8
Suppose r + 2*u - 3 - 40 = 0, -20 = 5*u. Let s = -413 + 1035. Let w be s/12 - (-10)/(-12). What is the greatest common divisor of r and w?
51
Let r(i) = 6*i**3 + i**2 - 4*i + 4. Let a be r(2). Let j be -6 - (-51 + a - (543 + 0)). What is the highest common factor of j and 20?
20
Let a = 40368 - 21527. What is the greatest common factor of 83 and a?
83
Suppose -190 = 9*q - 1495. Suppose -28*k + 23*k = -q. Suppose 3*v = d - k, -d - 4*v + 64 = -0*v. Calculate the greatest common factor of d and 33.
11
Suppose n - 5*n = -2*j - 18, -3*j - 25 = -5*n. Let h be (-2)/4 + 683/n. What is the greatest common factor of h and 31?
31
Let o be (-1 + (-35)/(-4))/((774/16920)/43). Calculate the greatest common factor of 235 and o.
235
Suppose 3*w = -5*x + 341, 5*x - 201 = 4*w + 126. Suppose g - 1468 = -2*v, 32*v = -5*g + 27*v + 7355. What is the greatest common factor of g and x?
67
Suppose 7*f + 2*i = 2*f + 443, -346 = -4*f - 3*i. What is the greatest common divisor of f and 754?
13
Let k be -12*((-28)/12 - -1). Suppose k*d = 44*d - 392. Suppose n - 4*j - 83 = 13, 2*n - 208 = 4*j. What is the highest common factor of n and d?
14
Let g = 2829 + -2101. What is the greatest common divisor of g and 91?
91
Let g(j) = 67*j - 2078. Let n be g(32). What is the highest common divisor of 869 and n?
11
Suppose 7*a + 23*a + 43*a - 1606 = 0. Calculate the highest common factor of a and 3674.
22
Suppose 5*h - 3*z - 1526 = 0, -5*h + 1306 = z - 252. What is the greatest common factor of h and 70?
10
Suppose -20 = 24*p - 92. Suppose 4*q - p*q - 108 = 0. Calculate the greatest common divisor of 180 and q.
36
Let u = -2688 + 4521. Calculate the greatest common divisor of u and 47.
47
Suppose 25 = 5*h + 5*m, 7*h - 2*h + 2*m = 22. Suppose -h*z + 22 = 7*n - 2*n, -3*n = 3*z - 15. Let y = -58 + 72. What is the highest common factor of y and n?
2
Suppose -9*h = -2*h - 2*h. Let w be 34 + -5 + h + 4. Calculate the greatest common factor of 3 and w.
3
Let t be ((-18)/12)/(3/312*6). Let h be 818/22 - 16/88. Let m = t + h. What is the greatest common factor of 88 and m?
11
Let b(x) = 6*x**2 + 76*x - 420. Let l be b(-18). What is the greatest common divisor of l and 84?
12
Suppose n + 3*b = -5, 4*b - 3*b = -2*n. Let p(f) = 43*f**3 + f**2. Let u be p(n). Suppose 110 + 154 = 3*d. Calculate the greatest common divisor of u and d.
44
Suppose 3*u = 219 + 69. Let q be ((-150)/120)/((-2)/u). What is the highest common factor of 228 and q?
12
Suppose -4*q + 2*l - 224 = 392, 8 = 2*l. Let v = -12 + q. Let n = 314 + v. What is the greatest common factor of n and 30?
30
Let a(k) = 19*k + 91. Let j be (-7)/2*112/98. Let y be a(j). What is the greatest common divisor of 255 and y?
15
Suppose -2*w - 28*w - 20010 = 0. Let n = -643 - w. What is the greatest common divisor of 104 and n?
8
Let d = 1242447 + -1242103. Let a be 43*(3 + -2)*1. Calculate the greatest common divisor of d and a.
43
Suppose -142 = 724*a - 728*a - 3*y, -3*y = 2*a - 56. Let z(b) = -73*b. Let i be z(2). Let h = i + 361. What is the greatest common divisor of a and h?
43
Let v = -11 - -15. Suppose -654*k = -659*k - 95. Let p(c) = c + 31. Let g be p(k). What is the highest common divisor of g and v?
4
Let q(i) = 11*i - 66. Let g(j) = -3*j - 3. Let s be g(-4). Let a be q(s). Calculate the greatest common factor of 627 and a.
33
Let b = 417 - 208. Suppose -12*o + b = -11167. Calculate the greatest common divisor of o and 12.
12
Let y be -6*15/90*-2. Let t be (7/21)/(2/30). What is the highest common divisor of t and y?
1
Let c be (-4 - -23)*(0 - -7). Let q = -3972 - -3991. What is the greatest common factor of q and c?
19
Let m be 1743/28 + 81/(-36). Suppose -2*l - 4*y + 42 - 18 = 0, -4*l = 5*y - m. Calculate the highest common divisor of 580 and l.
20
Let j = 20 - -25. Let l = 236249 + -236129. What is the highest common factor of j and l?
15
Let d = 1111 - 1104. Let j = -4 - -18. Calculate the greatest common factor of d and j.
7
Let g(s) = 196*s - 2616. Let n be g(14). What is the greatest common divisor of 5184 and n?
64
Let t(q) = -273*q - 39 + 808*q - 271*q - 271*q. Let m = -7 + -2. Let a be t(m). What is the highest common divisor of a and 216?
24
Suppose 3*f = 2*x - 216, 0 = -2*x - 471*f + 469*f + 246. What is the greatest common factor of x and 51?
3
Suppose 10*i - 6*i + 8 = 0, -2226 = 4*b + i. Let s = 619 - b. What is the highest common divisor of s and 47?
47
Suppose -49 = -5*a + 96. Let j = -381 - -874. Let s = j - 203. What is the highest common divisor of s and a?
29
Let o = -63132 + 104294. Calculate the highest common divisor of o and 22.
22
Let n = -2 + 21. Let b = n + -9. Suppose -353 = 2*c - 373. Calculate the greatest common factor of c and b.
10
Suppose 73 = -23*v + 91 + 327. Calculate the highest common factor of v and 795.
15
Suppose -871*j + 890*j = 184813. What is the highest common factor of j and 137?
137
Let z(a) = 2602*a - 4120. Let h be z(6). Calculate the greatest common factor of 52 and h.
52
Let x(v) = 153*v**3 - 2*v**2 - 2*v + 6. Let m be x(2). Let g = m + -678. What is the greatest common divisor of g and 20?
20
Suppose -403*d = -405*d - 52. Let l = d - -62. Calculate the greatest common factor of l and 234.
18
Suppose 2*f - 24 = -f. Let s(u) = -18*u**3 + 3*u**2 - 6*u + 3. Let a be s(1). Let m be 9/a + 2/(f/1118). Calculate the greatest common factor of m and 31.
31
Suppose 0 = 4*w - 3*w. Suppose -6*b + 13 + 11 = w. Suppose b*r - 25 - 23 = 0. Calculate the greatest common divisor of 132 and r.
12
Let t = -1 - -6. Let h = t + -3. Suppose -a + 295*s - 294*s = -15, 0 = 3*a + s - 49. What is the greatest common factor of h and a?
2
L